Give p(3).
-109
Let i(y) = -27*y + 83. Calculate i(3).
2
Let y(o) = 2*o**3 + 3*o**2 - 5*o. Determine y(2).
18
Let d(b) = -b**3 - 9*b**2 + 11*b + 1. Determine d(-10).
-9
Let z(d) = -38*d + 234. What is z(6)?
6
Let g(o) = -o**2 - 5*o - 5. What is g(-4)?
-1
Let l(u) = 4*u**3 + 2*u**2 - u + 2. Give l(1).
7
Let u(i) = -i**2 + 12*i - 6. Determine u(8).
26
Let k(z) = 2*z**2 - 14*z + 20. Determine k(6).
8
Let m(v) = 3*v + 24. What is m(-8)?
0
Let r(c) = 3*c - 118. Calculate r(49).
29
Let r(q) = 4*q + 12. Calculate r(-8).
-20
Let s(n) = 27*n + 2. Give s(-1).
-25
Let v(q) = -q**3 - 11*q**2 + 3*q + 1. What is v(-11)?
-32
Let u(g) = g**2 + g + 16. What is u(5)?
46
Let x(z) = -4*z**2 + 2*z - 10. Give x(0).
-10
Let q(h) = -h**3 + 16*h**2 - 15*h + 18. Determine q(15).
18
Let f(k) = -k**3 + 7*k**2 + 4*k - 10. Determine f(8).
-42
Let m(t) = -10*t**2 + 2*t + 1. Give m(-2).
-43
Let i(d) = -4*d**2 + 22*d - 8. Give i(4).
16
Let v(o) = o**3 - 20*o**2 - 4. Determine v(20).
-4
Let d(p) = -4*p**3 - p**2 - p + 1. What is d(1)?
-5
Let d(a) = 6*a - 6. Give d(0).
-6
Let o(i) = 16*i - 66. What is o(3)?
-18
Let c(u) = u**2 + 21*u - 70. Give c(-23).
-24
Let b(j) = 2*j**2 + 2*j + 13. Give b(0).
13
Let d(i) = -i**3 - 9*i**2 + 23*i + 12. Calculate d(-11).
1
Let w(q) = -q**2 + 20*q + 25. Calculate w(21).
4
Let q(m) = -m**3 - 5*m**2 - 5*m - 5. What is q(-5)?
20
Let b(j) = -j**3 + 20*j**2 - 4*j + 87. What is b(20)?
7
Let p(w) = -w**3 + 38*w**2 + 2*w - 70. Give p(38).
6
Let b(f) = f**3 - 12*f**2 - 13*f - 6. What is b(13)?
-6
Let t(x) = -x**2 - 24*x - 43. What is t(-21)?
20
Let v(c) = -c**3 - c**2 + c + 40. Determine v(0).
40
Let b(n) = -n**2 - 11*n + 25. Calculate b(2).
-1
Let l(d) = 3*d**3 - d**2 - 2*d - 4. What is l(0)?
-4
Let x(u) = 61*u + 1. What is x(1)?
62
Let k(q) = -2*q - 49. What is k(-27)?
5
Let y(m) = -m**2 + 3*m - 24. What is y(0)?
-24
Let c(j) = -3*j**2 + 2*j + 2. Give c(-2).
-14
Let w(q) = q**2 - 23*q - 81. Determine w(26).
-3
Let y(n) = -n**3 - 7*n**2 + 10*n + 8. Calculate y(-8).
-8
Let h(d) = -2*d**2 - 2*d + 2. Determine h(6).
-82
Let j(i) = -14*i - 226. Calculate j(-16).
-2
Let r(d) = -d**2 + 17*d + 520. Determine r(33).
-8
Let p(m) = -2*m**3 + m**2 + 7*m - 12. Give p(2).
-10
Let s(u) = 3*u**2 + 12*u + 11. Determine s(-4).
11
Let s(p) = p**2 + 13*p - 20. Calculate s(-14).
-6
Let i(d) = -d**3 - 14*d**2 - 2*d - 22. What is i(-14)?
6
Let d(b) = -2*b**3 - 5*b**2 + 8*b + 20. Calculate d(-4).
36
Let n(m) = m**2 + 7*m - 8. Give n(-9).
10
Let h(r) = -10*r + 19. Calculate h(7).
-51
Let f(v) = 2*v**3 + 23*v**2 - 15*v - 40. What is f(-12)?
-4
Let i(j) = -3*j + 10. Calculate i(11).
-23
Let p(v) = -v**3 + 5*v**2 + 12*v - 73. Determine p(4).
-9
Let y(j) = 2*j - 18. Calculate y(6).
-6
Let h(q) = q**2 + 7*q + 4. Determine h(-6).
-2
Let c(d) = -d**3 - 5*d**2 - 3*d - 1. Give c(-4).
-5
Let w(q) = -q**2 + q + 101. Calculate w(0).
101
Let l(b) = 48*b**3 + b**2 - 3*b + 2. Determine l(1).
48
Let f(b) = b**2 + 15*b - 61. Determine f(-18).
-7
Let j(c) = -c**2 + 30*c - 29. Determine j(24).
115
Let l(c) = -4*c + 24. Determine l(13).
-28
Let c(s) = -6*s + 79. What is c(13)?
1
Let d(c) = -11*c**2 + 36*c - 3. Give d(3).
6
Let b(o) = o**2 - o - 13. Determine b(4).
-1
Let f(j) = 5*j**2 + 12*j + 38. Determine f(-4).
70
Let i(k) = 3*k + 12. Calculate i(-6).
-6
Let h(o) = 2*o**2 - 12*o - 7. Determine h(6).
-7
Let q(f) = -37*f**2 + 12*f - 13. Determine q(1).
-38
Let u(y) = y**2 + 24*y + 134. Give u(-8).
6
Let z(w) = w**2 + w + 3. What is z(-5)?
23
Let a(d) = 2*d + 36. Calculate a(-12).
12
Let x(q) = -10*q**3 - 3*q**2 + 5*q + 1. Determine x(2).
-81
Let x(q) = -3*q + 30. Calculate x(7).
9
Let x(a) = a**3 - 33*a**2 - 70*a - 11. What is x(35)?
-11
Let s(h) = h**2 + 2*h - 42. Determine s(-8).
6
Let s(p) = 2*p**2 - 15*p + 20. Determine s(6).
2
Let p(d) = -d**3 - 5*d**2 - 6*d - 13. Calculate p(-4).
-5
Let s(l) = l**2 - 2*l. Give s(-5).
35
Let t(d) = -13*d + 2. Determine t(1).
-11
Let w(m) = -m**3 + 8*m**2 - 7*m + 10. What is w(7)?
10
Let v(s) = -3*s**3 + 25*s**2 - 6*s - 34. What is v(8)?
-18
Let b(k) = 105*k + 635. Determine b(-6).
5
Let g(p) = -4*p - 99. What is g(-28)?
13
Let q(l) = 4*l + 159. Determine q(-40).
-1
Let a(n) = -n**3 + 13*n**2 + 3*n - 36. What is a(13)?
3
Let f(i) = 2*i - 35. Determine f(24).
13
Let l(f) = -3*f + 8. Calculate l(4).
-4
Let n(q) = -q**3 + 9*q**2 - 6*q - 11. Give n(8).
5
Let h(y) = y**3 + 4*y**2 + 4*y + 4. What is h(-3)?
1
Let g(d) = -d**3 + 9*d**2 + d - 4. What is g(8)?
68
Let m(b) = -14*b + 5. Give m(-5).
75
Let k(i) = -i**2 + 25*i - 37. Determine k(21).
47
Let p(r) = -r**3 + 63*r**2 - 125*r + 192. Determine p(61).
9
Let z(y) = -y**2 + 2*y. Determine z(2).
0
Let t(v) = v**2 - 5*v - 9. Give t(5).
-9
Let y(i) = 9*i + 3. Give y(-3).
-24
Let i(b) = 30*b + 2. Determine i(-2).
-58
Let k(l) = -4*l - 33. Calculate k(-11).
11
Let n(b) = -3*b - 48. Calculate n(-15).
-3
Let y(w) = w**3 - 20*w**2 - 42*w - 43. What is y(22)?
1
Let r(i) = i - 11. Give r(11).
0
Let i(v) = -v**3 + 17*v**2 - 3*v - 400. Give i(15).
5
Let y(p) = -12*p - 1. What is y(5)?
-61
Let f(h) = 6*h**3 + 3*h**2 - 3*h + 1. Give f(2).
55
Let u(s) = s**3 + 27*s**2 + 29*s + 27. Calculate u(-26).
-51
Let f(j) = -j**2 - 14*j + 93. Give f(5).
-2
Let j(h) = 3*h - 3. What is j(4)?
9
Let x(o) = -o + 2. What is x(-1)?
3
Let j(a) = -a**2 + 7*a + 10. Calculate j(-2).
-8
Let r(f) = 16*f + 87. What is r(-6)?
-9
Let o(s) = 26*s - 157. What is o(9)?
77
Let b(o) = o**2 - 11. What is b(3)?
-2
Let u(q) = -q**3 - 4*q**2 + q + 7. What is u(-2)?
-3
Let m(a) = -a**2 + 7*a + 55. Give m(13).
-23
Let b(t) = 41*t - 2. Determine b(0).
-2
Let u(p) = -p**3 - 8*p**2 + 8*p - 275. Give u(-11).
0
Let v(t) = -3*t**2 - 50*t - 81. Determine v(-15).
-6
Let w(j) = -13*j + 49. Give w(5).
-16
Let c(d) = d + 9. Determine c(0).
9
Let c(v) = -v**2 - v + 18. Give c(0).
18
Let w(y) = -5*y**2 + 20*y + 5. Calculate w(4).
5
Let i(r) = -r**2 + 13*r + 24. What is i(16)?
-24
Let f(w) = w**3 - 30*w**2 + 30*w - 37. Calculate f(29).
-8
Let z(b) = -7*b**2 + b + 4. What is z(-2)?
-26
Let d(p) = -5*p**3 + 2*p**2 + 2*p - 3. Determine d(2).
-31
Let h(z) = z**2 - 14*z + 45. Calculate h(7).
-4
Let x(i) = -4*i + 12. Determine x(6).
-12
Let l(r) = r**2 - 5*r + 3. Give l(4).
-1
Let g(r) = -r**3 - r**2 - 1. Give g(0).
-1
Let c(v) = -v**2 + 10*v + 32. Determine c(14).
-24
Let q(h) = 3*h**2 - 10*h. What is q(4)?
8
Let j(x) = x**2 + 22*x - 9. Calculate j(-25).
66
Let h(i) = 3*i**2 - i - 3. Give h(-3).
27
Let q(p) = p**3 + 5*p**2 - 37*p - 164. Give q(-7).
-3
Let k(l) = 5*l**2 - 9*l + 1. Determine k(6).
127
Let u(v) = v**2 + 25*v + 26. Determine u(-18).
-100
Let t(p) = -8*p + 175. Determine t(25).
-25
Let n(y) = -y**3 - 6*y**2 + 12*y + 29. Calculate n(-7).
-6
Let t(i) = i**3 - i**2 - 9*i - 3. Determine t(3).
-12
Let x(n) = n**2 - 10*n + 12. What is x(9)?
3
Let c(q) = 21*q - 169. Calculate c(8).
-1
Let d(y) = -y**2 - 4*y + 2. Calculate d(3).
-19
Let x(c) = -6*c + 71. Give x(17).
-31
Let g(s) = s**3 + 23*s**2 - 3*s - 65. Determine g(-23).
4
Let f(d) = -d**2 + d + 2. Give f(-3).
-10
Let v(x) = 7*x + 36. Calculate v(12).
120
Let x(a) = -a**3 + 21*a**2 + 20*a + 2. Calculate x(22).
-42
Let p(s) = s**3 - 11*s**2 + 7*s + 7. Give p(10).
-23
Let n(k) = -10*k + 3. Determine n(-6).
63
Let k(m) = -m - 20. Calculate k(-14).
-6
Let v(w) = 13*w + 74. Determine v(-8).
-30
Let l(s) = -s**3 + 17*s**2 - 17*s - 15. Determine l(16).
-31
Let i(o) = o + 10. Give i(9).
19
Let h(n) = 3*n**2 - 8*n + 3. Calculate h(2).
-1
Let x(b) = -b**3 - 6*b**2 + b + 8. Calculate x(-6).
2
Let w(f) = 2*f - 2. Determine w(-1).
-4
Let v(n) = n**2 - 17*n + 26. Determine v(15).
-4
Let y(u) = -3*u**2 - 3*u - 2. What is y(-1)?
-2
Let k(o) = o**3 - o**2 + o + 2. What is k(0)?
2
Let j(d) = 2*d - 6. What is j(14)?
22
Let f(j) = 5*j**3 + j**2 - 1. What is f(-1)?
-5
Let r(m) = -m**3 + 3*m**2 + 4*m + 6. Determine r(5).
-24
Let p(m) = m**3 - 7*m + 10. What is p(4)?
46
Let o(f) = -8*f**2 + f + 1. Give o(1).
-6
Let w(a) = -a**3 - 32*a**2 - a - 40. Give w(-32).
-8
Let o(b) = -b**3 - 5*b**2 + 3*b + 4. Determine o(-4).
-24
Let q(i) = -i**3 - 15*i**2 - 36*i - 2. Calculate q(-12).
-2
Let w(o) = 9*o + 35. Calculate w(-6).
-19
Let t(k) = 13*k**3 - k**2 - k + 1. Determine t(1).
12
Let m(w) = -4*w**2 + 4*w - 4. What is m(3)?
-28
Let g(l) = 2*l - 6. Give